-3 + 20 + -14 - -8)
-49
(-2 - 11) + (55 - 13 - 13) - (2 - -10)
4
What is the value of 4 + 2 + (-19 + (7 - 8) - -19 - -20)?
25
Evaluate (-63 + 8 - 26) + 44.
-37
0 + (-248 + 253 - (0 - -19)) + -43
-57
Calculate -8 + (30 - (29 - 13) - -7).
13
What is -11 + 1 - 3 - (5 + -5 + -3 + 6)?
-16
Evaluate 11 + 18 + (8 - 3) - (0 - 0).
34
What is the value of -1 + -60 + -42 + 34?
-69
Evaluate -5 - -2 - (-14 - (12 + -16 + 19)).
26
What is the value of -40 + 35 - ((5 - 20) + 7)?
3
What is the value of 0 + -2 + (0 - -1) + (323 - 304)?
18
Calculate -33 - -3 - (-3 + 89 - 72).
-44
What is (-2 - -8) + -5 + -5 + 65 + (22 - 72)?
11
Evaluate 1 + 2 + 4 - 0 - (20 - 6).
-7
What is 6 + -33 - -11 - -59?
43
Evaluate 118 - (-9 - -76) - (7 - 6).
50
What is -21 - 71 - (-223 - -117)?
14
(77 - (29 - 13)) + (-5 - 12) + 14
58
Evaluate 27 + -116 + 1 + -1218 + 1212.
-94
Evaluate 43 + 3 + -2 + 3 + (-7 - 5).
35
(-19 + 54 - 15 - 30) + 3 + 20
13
Calculate -12 + (-2 - -4 - 1 - (-33 + 40)).
-18
-47 - (-127 - -55) - 39
-14
-63 + (26 - 12) + 46
-3
Calculate (-11 - (49 - -31)) + (12 - -1).
-78
Evaluate -5 - (94 + 0 + -70).
-29
What is (-1 - 4) + (45 + -47 - -1)?
-6
What is the value of -21 + (23 - (45 + -35)) + 7 + 1?
0
Evaluate -11 + (-1 - 7) + (1 - (-8 - 0)).
-10
Evaluate 4 - 20 - (-29 + 21).
-8
What is the value of 15 + -11 + 13 + 22?
39
What is 10 + -10 - (-6 - (3 - (-58 - -9)))?
58
What is the value of -1 + (18 - 3 - (-103 - -105))?
12
What is (-40 - 112) + 142 - (-51 - 2 - 0)?
43
Evaluate (69 + -13 - 57) + -9.
-10
Calculate (72 - 67) + -1 + -11.
-7
What is the value of (-40 - -32 - (1 - 11) - 4) + (6 - 0)?
4
Evaluate (19 - 18) + -23 + (-3 - 29) + 20.
-34
What is the value of 216 + -279 + 85 + -15?
7
What is the value of -84 + 4 + -1 - (-163 - (8 + -160))?
-70
Calculate 113 + -142 + -80 + 94.
-15
What is the value of 63 + 0 - (35 - (112 - 101))?
39
(-106 - -74) + 23 + 87
78
50 + (-3 - (2 - -1)) + (-143 - -143)
44
What is 16 - (-22 - (3 + -29))?
12
Evaluate -28 + 21 + -128 + 72.
-63
(-10 - -119) + (-941 - -865)
33
What is -9 + 10 + -31 + 69 + -20?
19
What is the value of (12 - -3) + -9 + -45 + 5 + -10?
-44
What is the value of -11 - ((50 - -6) + -7 + (0 - (-5 + -1)))?
-66
What is the value of 46 - 0 - (1600 - 1523)?
-31
16 + -15 + 15 + -12 + 12 + -38
-22
What is the value of -1 - (-185 + -100 + 199)?
85
Calculate -16 - 13 - (1 + 0) - (-38 - -35).
-27
Evaluate -54 + 26 + 0 + (6 - 12).
-34
Evaluate 4 - -14 - (226 - (136 - 8)).
-80
Evaluate 31 + 28 + -42 - -52.
69
62 + 2 + (-13 - (-10 - -7) - (40 + -40))
54
Calculate 45 - 108 - (54 - 69 - (-10 - -1)).
-57
-9 + -13 + (11 - -9) + -9
-11
Calculate (14652 - 14704) + (43 - -1).
-8
What is (-17 - (-93 + 16)) + -22?
38
Calculate 74 - 67 - (-5 + (1 + -5 + 3 - 2)).
15
What is the value of (-5 - -2) + -34 + 10 + 19 + -21?
-29
6 + (62 - (-7 - ((15 - 0) + -12) - 1))
79
What is -4 + -30 + 22 + 26 + 20?
34
Evaluate 2 + -17 + (-33 + -31 - -35).
-44
Calculate 7 + (14 - (-21 + 18)) - -20 - -23.
67
Evaluate -82 - -52 - ((-16 - (0 + -15)) + -14).
-15
What is -326 + 242 - (-49 + 3)?
-38
What is the value of 9 - (21 - 9 - (-6 + 2)) - -5 - -25?
23
What is -1 + 25 - (-789 + 781)?
32
What is 5 + (7 - 14 - 3) - (41 - 3 - 7)?
-36
Calculate 15 + (10 + (-47 - -36) - 32).
-18
-8 + (19 - ((-9 - 9) + 22))
7
Evaluate -24 - ((-16 - -4 - 11) + (78 - 87)).
8
Evaluate 46 + (-42 - -63) + 1 + 2 + -17.
53
What is the value of -8 + (-2 - (-10 + (-1 - 0)))?
1
100 - (-7 - (-8 + (-14 + 20 - (2 + -9))))
112
Evaluate 0 + -9 + (1 - (-6 + 10 + -11)) + -45.
-46
Calculate 3 - (33 + -12 - (39 + -14)) - (-84 + -1).
92
(6 + 49 - 17) + -2
36
What is the value of -47 - -180 - 81 - -37?
89
Evaluate -8 + 4 - -14 - (15 - 14 - -11).
-2
Evaluate -24 - -69 - (-77 + 99).
23
1 - (0 - 7) - (-325 + 414 - (-3 - -27))
-57
Calculate 31 + (1 - (22 + -10) - (-4 + -12)).
36
Calculate 4 - -41 - (-56 + 72).
29
Calculate (46 + -52 - (-6 - 1)) + 15 + -4 + 90.
102
Calculate (100 + -21 - 46) + -93.
-60
308 - 288 - (-2 - -57)
-35
Calculate ((-10 - 3) + (-91 - -111) - 0) + -3.
4
Calculate -9 + 2 + -35 + -12 + -6 + -7 + 22.
-45
(22 - ((-28 - 4) + 100)) + -30
-76
What is the value of (9 - -1 - (1 - -4) - (-47 + 27)) + 6?
31
45 + 0 + -41 - 48
-44
Calculate 34 + 53 + (-6 - 86).
-5
Calculate 30 - (49 + 27 + -36 - 83).
73
(-15 - -18 - 97 - -2) + (-19 - -4) - 6
-113
Calculate (-2 - (2 + -8)) + (-42 - -14) + 33 + -24.
-15
Evaluate -2 + (-16 - (-14 - 21)) + 6.
23
What is the value of (-8 - 2) + (-12 + 1 - (-626 - -622))?
-17
What is the value of (-17 - 5) + (22 - -5) - 3?
2
What is (-9 - -12 - (0 - (7 + 2))) + -1?
11
What is -30 + (-63 - -109) + -38?
-22
What is the value of 12 - ((9 - 6 - -10) + (8 - 7 - 38))?
36
What is 624 + -596 + (3 - 12)?
19
Evaluate 15 + (9 - (10 + -6)) + 7 + -16 - 80.
-69
0 - 64 - (4 - (6 - (23 - 26)))
-59
What is (-9 - 2) + 4 + 1 - (-529 - -586)?
-63
19 + -24 + (-5 - (-5 + 20 + -11))
-14
What is the value of -3 - (-4 - (4 + -10 - (25 + -8 - 16)))?
-6
16 + (20 - (52 + -10)) + 54
48
What is the value of -21 + (61 - 0 - (1 - 26))?
65
Evaluate -144 + 180 - (9 + -125) - 43.
109
What is the value of (45 - 40) + 0 - (1 + 2)?
2
Calculate -2 - (5 + (2 - (10 + -14)) + -79).
66
What is 0 + -52 + (-120 - -140) - -60?
28
Calculate -944 - -967 - (0 + 5).
18
196 + -191 + (-12 - -2)
-5
What is 8 - (-24 - -32 - -40)?
-40
Calculate -63 + (-14 - (-38 + 1) - (-4 - -10)).
-46
Evaluate (-5 - -30 - 53) + 24.
-4
What is -27 - (3 + 8 - (15 - (-8 + 1)))?
-16
Evaluate -1 - 19 - (41 + -44 + -4) - 20.
-33
Calculate (-2 - 17 - -5) + 18 - (134 - 22).
-108
Evaluate -9 + (7 - (-28 + 32)).
-6
Calculate 17 + (-2 + 0 - ((-38 - -4) + 31)).
18
Evaluate 127 - (142 + -12 + -36).
33
What is (106 + -48 - 103) + -10?
-55
What is (3 - 14) + 0 + (-17 - -45 - 0)?
17
(-67 - -58) + (0 - 64) + 3 + (-18 - -18)
-70
What is the value of 21 + (7 - -93) - 218?
-97
Evaluate 33 + 12 + -33 + 8.
20
-29 - 3 - (80 - 19 - 45)
-48
Evaluate -1 + 56 - (2 + 17).
36
What is 43 + -30 + -45 + 35?
3
What is (-74 - -37 - (-21 - -15)) + 29?
-2
Evaluate (158 - 159) + (-2 + 12 + -4 + -10 - 1).
-6
Calculate -84 - (-99 - -50) - 22.
-57
-14 + (6 - 10) + 14 + -5 + 66 + -1
56
-40 - (9 + -2 + -21 + 1 - 7)
-20
What is the value of -7 + (-6 - -35 - -60 - -1)?
83
What is -18 - (-6 + 10 - -2) - (134 - 122)?
-36
Calculate -16 - -29 - (-71 + 33).
51
Calculate 23 + (-38 - (-96 + 37)).
44
2327 + -2322 - ((2 - -18) + (1 + -1 - -1))
-16
Calculate 1 + -106 + (75 - (-42 - (-7 + -100))).
-95
What is (-58 - 0) + 6 + 1 + 11 + -5?
-45
Calculate 13 + -25 - ((-18 - 0) + 14).
-8
What is (-1 - 51) + 7 + 16 + 16 + -33 + 2?
-44
Evaluate 1 + -5 + 1 + 1 - (-174 - -83).
89
60 - (43 + (32 - 14))
-1
Calculate 37 + -30 + (-23 - -3) + 44.
31
(-3 - -22) + 4 + -3 - (-10 - (11 - 12))
29
What is the value of -2 + -23 - (79 - 108)?
4
24 - (-1 + (-21 - 1) - -105)
-58
Calculate (-11 - 2) + (-1377 - -1383).
-7
What is 0 + 1 - 5 - ((22 - -47) + -75)?
2
What is the value of -22 - (36 - 56) - (-36 - (-1 + -2))?
31
47 - -56 - 20 - 105
-22
Evaluate 14 + (-1 - (-11 - -7)) + -6 - 6.
5
What is the value of (174 - 63) + -133 + 2 + -64?
-84
(0 - 20) + 139 + 171 + -264
26
Evaluate 7 + 11 + 92 + -148.
-38
(13 + -13 + 7 - (-2 + 9)) + (-319 - -191)
-128
Evaluate 8427 + -8517 - (-54 - -1).
-37
Evaluate 2 + -15 - ((-146 + 28 - 0) + -3 + 6).
102
18 + (30 + 46 - 93)
1
Calculate 1 - -34 - (42 - 67).
60
Evaluate 52 + 43 + -54 - 76 - ((13 - 2) + 0).
-46
What is the value of (49 - 83) + (-71 - (29 + -28))?
-106
Evaluate (-32 - (-18 - 94)) + -105.
-25
Evaluate -4 + (-22 - (-12 + 2) - (-4 - 38)).
26
What is the value of -19 - (912 + -903 - (0 - -10))?
-18
-1 + 54 - 30 - (0 + -12 - -3)
32
What is 255 - 360 - (-67 - -11)?
-49
Calculate (25 - (2 + -3)) + (37 - 67) + -1 + 34.
29
What is the value of 18 + 22 + -2 - -8?
46
What is the value of 19 - (-137 + 17 + 95)?
44
What is the value of -14 - ((8 - (-26 + 17)) + -107 + 3)?
73
Evaluate (14 - 29) + -22 + 1 + -42.
-78
Evaluate -43 - (11 - 1 - 5) - (90 - 89).
-49
Evaluate 38 + -45 - 46 - -40.
-13
Evaluate 0 + 9 - (10 - (1 + 11 + (-10 - 1))).
0
Evaluate -10 + -1 - (-11 + 2 + 10 + -2 + -9).
-1
What is 35 - -1 - (-3 + (-57 - -53)) - -7?
50
What is -5 + -2 + 28 + -27 - 0 - (-4 - -24)?
-26
What is the value of -25 + (-36 - 7 - -89) - (6 - (-2 + 2))?
15
Calculate 40 + (-211 + 191 - (4 - 37)).
53